rue
Is 1273811633 a prime number?
True
Is 480097379 a composite number?
False
Is 259567003 composite?
True
Is 3561159022 prime?
False
Is 3016905383 prime?
False
Is 5034264707 prime?
False
Is 9011213479 prime?
True
Is 16117060837 a composite number?
True
Is 1384384849 prime?
True
Is 2337024281 prime?
True
Is 55062735239 a prime number?
True
Is 4177933741 a composite number?
False
Is 390885139 a composite number?
False
Is 162176032001 a prime number?
True
Is 1351604559 a prime number?
False
Is 858287107 a composite number?
False
Is 113707879265 prime?
False
Is 529489361 prime?
False
Is 114551947343 a composite number?
False
Is 61953376883 composite?
True
Is 35314463033 a composite number?
True
Is 14180100089 composite?
False
Is 1735384747 a composite number?
False
Is 2134033331 a composite number?
True
Is 13127377319 a prime number?
False
Is 22872562973 a composite number?
True
Is 160256228627 a prime number?
False
Is 616275867 a composite number?
True
Is 2840388259 composite?
True
Is 6428531509 a prime number?
True
Is 5085248299 a composite number?
True
Is 251528377 a prime number?
True
Is 277018433 composite?
False
Is 114466357 prime?
True
Is 9845645759 a composite number?
False
Is 2648634227 a composite number?
True
Is 3627127051 a prime number?
False
Is 1306260037 a composite number?
True
Is 20853659699 a prime number?
True
Is 1305465298 composite?
True
Is 1055187503 composite?
True
Is 14755943 a composite number?
False
Is 3362392597 composite?
False
Is 2334447757 a composite number?
False
Is 47667237313 a composite number?
False
Is 22926359851 a composite number?
True
Is 7035650789 prime?
True
Is 79353345119 composite?
False
Is 34361882486 a composite number?
True
Is 6181022123 a prime number?
False
Is 17201465779 a prime number?
True
Is 880797977 prime?
True
Is 4425560939 prime?
False
Is 342659147 prime?
False
Is 8638014185 prime?
False
Is 7711175599 a prime number?
False
Is 49058381389 a prime number?
True
Is 32699477581 composite?
True
Is 1725036119 composite?
False
Is 11494125989 composite?
False
Is 174029329 a prime number?
False
Is 46092857 composite?
True
Is 55065988337 a composite number?
False
Is 45798328853 a prime number?
True
Is 71146985843 a prime number?
False
Is 31054657357 a composite number?
False
Is 7634313899 a composite number?
True
Is 14450800261 a composite number?
False
Is 1482321971 prime?
False
Is 953034077 a composite number?
False
Is 45479207539 a composite number?
True
Is 491858839 a composite number?
False
Is 6070867307 a prime number?
True
Is 4126752103 composite?
False
Is 21522829193 a composite number?
False
Is 18689060161 composite?
True
Is 2039511686 composite?
True
Is 1815423173 a composite number?
False
Is 5387591926 composite?
True
Is 79858210151 composite?
False
Is 11763583421 prime?
False
Is 576064343 a prime number?
False
Is 118371663461 a prime number?
True
Is 113229487957 composite?
True
Is 1547202643 a composite number?
True
Is 18007668281 prime?
False
Is 25483738297 a composite number?
False
Is 14727161113 a prime number?
False
Is 2220389777 a prime number?
False
Is 10202542369 a composite number?
False
Is 1162286003 a prime number?
True
Is 241354517 composite?
True
Is 4141399093 prime?
False
Is 2882231889 a prime number?
False
Is 40693038959 composite?
False
Is 367106038141 a composite number?
False
Is 788762747 a prime number?
True
Is 2479867255 a composite number?
True
Is 111512653607 composite?
False
Is 606016589 a prime number?
True
Is 7242913001 a composite number?
False
Is 25619779141 a composite number?
True
Is 861065801 a prime number?
True
Is 24551658577 a prime number?
False
Is 21165278149 prime?
False
Is 301127803 prime?
True
Is 114271717 prime?
False
Is 43617880673 prime?
True
Is 9852629161 a composite number?
False
Is 6840961727 a prime number?
True
Is 16731203729 composite?
True
Is 3630212569 a composite number?
True
Is 31687230503 prime?
True
Is 42764012233 composite?
True
Is 52438376489 composite?
False
Is 5650963499 prime?
True
Is 3329538673 composite?
True
Is 6462122627 a composite number?
True
Is 86850870235 a composite number?
True
Is 3670463089 composite?
True
Is 15405504727 prime?
False
Is 1153115723 composite?
True
Is 97809013 prime?
False
Is 4863325001 prime?
True
Is 52583557765 prime?
False
Is 14344138769 composite?
False
Is 2250520673 prime?
False
Is 5271068371 a composite number?
False
Is 919529969 composite?
False
Is 48159330953 prime?
True
Is 6010630919 a composite number?
False
Is 43345396379 a prime number?
True
Is 1276297303 prime?
True
Is 2814731027 a prime number?
True
Is 1438968869 a composite number?
True
Is 1063674613 a composite number?
False
Is 636549629 a composite number?
True
Is 14458559047 a prime number?
False
Is 111685305029 a composite number?
True
Is 1598052493 a prime number?
False
Is 133892527 prime?
False
Is 3472784171 prime?
True
Is 4599524249 prime?
True
Is 1431379067 a composite number?
False
Is 20508811913 a prime number?
True
Is 13832444669 prime?
True
Is 253020090517 composite?
False
Is 35509243733 composite?
False
Is 33239582603 composite?
True
Is 1382605853 a prime number?
False
Is 8254193 a composite number?
False
Is 1173487459 prime?
True
Is 8762512439 a prime number?
True
Is 9902143217 prime?
False
Is 1850089337 a composite number?
True
Is 27992584519 composite?
False
Is 20101571909 a composite number?
False
Is 562112519 a composite number?
True
Is 57554531 composite?
True
Is 654076963 a composite number?
True
Is 23430819777 prime?
False
Is 621075107 prime?
False
Is 2494552087 prime?
False
Is 1893294838 composite?
True
Is 717693227 a composite number?
True
Is 142149079 a composite number?
True
Is 863642873 prime?
False
Is 7344767299 a prime number?
True
Is 2558267573 composite?
False
Is 8710609111 composite?
False
Is 90542164241 a prime number?
True
Is 94872585197 composite?
True
Is 14535142499 prime?
True
Is 11350236049 a prime number?
True
Is 88724798081 composite?
True
Is 1500328019 a prime number?
False
Is 6811840957 composite?
False
Is 2190750337 prime?
True
Is 19252959367 a prime number?
False
Is 1871217911 a prime number?
False
Is 1561481827 composite?
False
Is 165877951 a composite number?
False
Is 3585257831 prime?
True
Is 36976998241 a prime number?
False
Is 20641760959 a composite number?
True
Is 15554636341 a composite number?
False
Is 21917381627 a prime number?
False
Is 33094245749 a prime number?
False
Is 11522439151 prime?
False
Is 7545105413 a prime number?
True
Is 43544508377 a prime number?
True
Is 25450193339 prime?
True
Is 21320311693 a prime number?
True
Is 3672663083 a prime number?
False
Is 620457073 composite?
True
Is 51872596271 composite?
False
Is 127674749 a composite number?
False
Is 86222534807 composite?
False
Is 42036687131 composite?
False
Is 1011336863 a composite number?
False
Is 7993372837 a prime number?
True
Is 3212203741 a prime number?
True
Is 3791951 composite?
True
Is 5075879863 composite?
True
Is 130806569 a composite number?
True
Is 2589886697 prime?
True
Is 142795477499 a composite number?
False
Is 450642011 a composite number?
False
Is 450273181 prime?
True
Is 433411561 composite?
True
Is 144146953 a prime number?
True
Is 3188007737 a composite number?
True
Is 169224383 composite?
True
Is 1849090069 prime?
True
Is 27001199 a composite number?
False
Is 8927593813 prime?
False
Is 557344057 a composite number?
False
Is 37091876047 composite?
False
Is 2227060607 composite?
False
Is 529385509 composite?
True
Is 919497737 prime?
True
Is 71476543 prime?
True
Is 8685747613 prime?
False
Is 504266363 a composite number?
False
Is 2158468199 composite?
False
Is 9026217059 composite?
False
Is 2772205159 composite?
True
Is 102974642107 a composite number?
True
Is 2557901453 prime?
False
Is 1030569829 a prime number?
False
Is 425787209 composite?
False
Is 3709719103 a composite number?
False
Is 21856976689 a prime number?
False
Is 1028090083 composite?
False
Is 532696423 a prime number?
False
Is 1516647433 composite?
True
Is 240101999 composite?
True
Is 78954389 a composite number?
False
Is 417025933 composite?
True
Is 7790308709 a prime number?
True
Is 276242983 composite?
True
Is 711095519 a composite number?
True
Is 229438063 a composite number?
True
Is 4249303003 prime?
False
Is 115927437641 a pri